 3*20/(-45)*6/(-4). Suppose -l*i + i = 3*f - 872, -f = 4*i - 3455. Is i prime?
True
Let d(w) = -w**2 - 12*w + 16. Let p be d(-13). Suppose 7*g - 3628 = p*g. Is g a prime number?
True
Let m = 140 - 145. Is (-4258 + -1 - (m + 4))/(-2) composite?
False
Let r(i) = 692*i - 211. Is r(4) a prime number?
True
Let u(p) = 5*p**2 - 3*p + 13. Let o be u(-6). Let m = -46 - -108. Let x = o - m. Is x a composite number?
False
Let v(s) = 152*s**3 + 17*s**2 - 12*s + 4. Is v(7) a composite number?
False
Let j = 304 - 142. Let o = j - 91. Is o a composite number?
False
Let n be 3/(12/80*2). Let c = -5 + n. Let k(x) = 10*x**2 - 4*x - 7. Is k(c) a prime number?
True
Let x(y) = -9*y + 14*y**2 + 6*y + 1 + 93*y**2. Let i be ((-1)/(-2))/(2/(-12)). Is x(i) a composite number?
True
Suppose 0 = -2*b + 3*x - 33, 0*x - 2*x = -2. Let d = -11 - b. Suppose 0 = d*i - 0*t + 3*t - 118, -5*i - 2*t = -151. Is i a composite number?
False
Let j be (-1)/(1*(-3)/(-15)). Let t(z) = -z**3 - 5*z**2 - z. Let r be t(j). Suppose 3*a + 3 = 0, -r*a + 58 = 2*k - 31. Is k a prime number?
True
Is -2 + 23/10 - 28897515/(-450) prime?
True
Let b be (1 + 2)/((-21)/(-56)). Let k = -31 - b. Let x = -28 - k. Is x a composite number?
False
Let c(s) = -38*s - 3. Let u(g) = 77*g + 6. Let b(h) = 13*c(h) + 6*u(h). Is b(-10) prime?
True
Let o(i) = -i - 4. Suppose 8 = -3*v + 7*v. Let k be o(v). Is ((-201)/(-9))/(k/(-18)) prime?
True
Suppose -v = -4*l - 465 + 4206, -4676 = -5*l + v. Suppose 5*h = 530 + l. Is h a composite number?
False
Let n(y) = y**2 + 7. Let w be n(3). Is ((-1128)/w)/(1/(-2)) prime?
False
Let u = -4399 + 13582. Is u composite?
True
Let i = 364 + -63. Let r = i + -174. Is r prime?
True
Suppose 2*s - 7*s = 3*k - 44759, 3*k - 2*s = 44773. Is k composite?
False
Let a be (2 - -4) + 4/((-4)/53). Suppose -2*l - 68 = -3*l. Let i = l - a. Is i composite?
True
Suppose 8*c - 51639 = 131649. Suppose 5*p + c = 5*k + 6631, 5*p + 6497 = 2*k. Is k prime?
False
Suppose 9*i + 11 = -16. Is ((-4)/i + 1)*(5 + 154) prime?
False
Suppose s - r = 8609, -3*s + s = r - 17218. Is s composite?
False
Let w be (-4)/14 + (-216)/(-21). Suppose -w = -2*k + 4*m, -2*k + 5*m + 20 = 3*k. Suppose k*y - 857 + 284 = 0. Is y composite?
False
Let r(d) = 2*d**3 + 9*d**2 + 16*d + 14. Is r(7) prime?
False
Suppose -u - 3*m + 8 = -2, 0 = -4*u - 2*m + 60. Let l(n) = 56*n + 23. Is l(u) prime?
True
Let u be 40/50 - 1401/(-5). Let j = u + 390. Is j composite?
True
Let k be (2902/10 - -1)/(6/(-30)). Let o = -407 - k. Is o composite?
False
Let f be (-1)/2 + 1/2. Let q(j) = 6*j**2 + 3*j**2 - 3 + f*j - 6*j - j**3 + 0*j. Is q(7) prime?
True
Let r(t) = 153*t**3 - t**2 + 13*t - 17. Is r(4) a composite number?
False
Is (-89)/(-1)*(-5 + 144) - -2 composite?
False
Let a = -25 + 18. Let w(z) = 3*z**2 - 9*z - 23. Is w(a) composite?
True
Let n = 2 - 11. Let o be (n + 9)/(0 + 2). Suppose -3*t - s + 111 = 2*s, o = 4*t + s - 142. Is t a composite number?
True
Is (-4211)/(3*6/(-18)) a prime number?
True
Suppose -4*o - 170*u + 179960 = -174*u, 2*o - 90005 = -3*u. Is o composite?
True
Suppose 17 = 3*r - 37. Let a be 2560/r + 2/(-9). Suppose 2 = l, -3*k + a = -k + 2*l. Is k a composite number?
True
Let g(o) = -2*o**2 - 7*o - 16. Let u(k) = k**2 + 6*k + 15. Let t(i) = -3*g(i) - 4*u(i). Is t(13) a prime number?
False
Let j = -7997 + 11508. Is j composite?
False
Let i = -9193 + 15714. Is i prime?
True
Let b(c) = 3*c**2 + 3*c - 3. Let k be b(2). Suppose 3*a - 15 = 0, k = -5*m - 3*a + 7*a. Is (114 - m)*(-1 + 2) composite?
False
Is 2/4 + (-7)/(-98)*315427 a composite number?
False
Let b(x) = -2*x**3 + 13*x**2 - 5*x - 4. Let s be b(6). Suppose -4*o - 3*j = -0*o - 901, -4*o - s*j + 898 = 0. Is o composite?
False
Suppose -4*d = 5*l - 17 - 10, 3*l = -4*d + 21. Let r be d/((-12)/(-400)) - -1. Suppose 0 = 2*a - r - 153. Is a composite?
False
Suppose -p = 4*p - 35. Suppose 6*u + p = 61. Is (-76)/(-8)*(1 + u) composite?
True
Suppose -2*q - 115 + 409 = 0. Let z = q - -3352. Is z composite?
False
Let b be 16 - (1 + (3 - 3)). Suppose -4*g - g + b = 0. Is 633/g + 3 + -3 composite?
False
Is 4*(-9)/(72/(-3602)) a prime number?
True
Let p = 0 - -10. Let t = p - 10. Suppose t*d - 365 = -3*d + 4*j, -d + 122 = -j. Is d a prime number?
False
Let w = -7 + 7. Suppose w = j - 5*b + 4 + 2, 2*j = 2*b + 4. Suppose -d = -i + 43, 4*i + j*d - 172 = 2*d. Is i a prime number?
True
Suppose 67444 = 2*j - 4*a + 18110, -j + 24673 = -5*a. Is j prime?
False
Suppose 0 = -2*y + p - 3*p + 784, -1598 = -4*y + 2*p. Let x be 1*3 - 6/(-3). Suppose -4*h - y = -3*s - 8*h, -631 = -x*s + h. Is s composite?
False
Let w(z) = -z**3 - 19*z**2 - 19*z - 19. Let i be w(-18). Let h(y) = -2809*y + 4. Is h(i) composite?
True
Let t = -1843 - -2582. Is t composite?
False
Suppose -24*n = -19*n - 1205. Suppose -b + 174 = -4*f - n, 3*b - 3*f = 1218. Is b composite?
True
Let a(q) = -221*q**3 - 3*q**2 - 15*q - 12. Let j be a(-1). Let t = -11 + 83. Let h = j - t. Is h a composite number?
False
Let k(z) = -2*z**3 - 21*z**2 - 24*z - 37. Is k(-16) a prime number?
True
Suppose d + 5*p = 3*d - 931, -d + 3*p + 467 = 0. Suppose 3*x + d = x. Is x/(-7) + 6/21 prime?
False
Let l be (-2*3/(-6))/(1 + -2). Is 4 + 20/(-4) - 542/l prime?
True
Suppose -b + 10*b = 1341. Is b a composite number?
False
Let p = -1 + 1. Let i be (11 + -2)/(-3) - p. Is 2/i - (-1114)/6 a composite number?
True
Suppose 25*t - 474163 = -85988. Is t composite?
False
Let k(d) be the first derivative of d**4/4 - d**2 + d + 2. Let n be k(6). Suppose -4*q = -3*q - n. Is q a composite number?
True
Let f(z) = z**3 - 4*z**2 + 10. Let s(j) = -j**3 + 3*j**2 + 2*j + 1. Suppose 5*x - 14 = 1. Let y be s(x). Is f(y) a composite number?
False
Let h(j) = j**2 + 2*j + 1. Let w be h(-1). Suppose -v + 3363 = 2*v - q, w = -3*q. Suppose 5*o = 2*r + r + v, -3*o + 5*r = -679. Is o composite?
False
Suppose -2*a - 30 + 88 = 0. Let w = 68 - 42. Let f = w + a. Is f composite?
True
Suppose 2*s = -27*r + 23*r + 41268, 4*r = 5*s + 41240. Is r prime?
False
Suppose 2*a = -5*n + 2562, 515 = 2*n - n + 3*a. Let o = -139 + n. Is o a prime number?
True
Let r = 379 + 493. Is r - (-2 - 0 - 3) a composite number?
False
Suppose 4*p = 2*v - 2421 - 5305, v + 5*p - 3863 = 0. Is v a composite number?
False
Suppose 0 = -13*w - 10*w + 142991. Is w prime?
True
Let c be (-4 + 11)*(-3)/((-6)/(-4)). Let o = -3 - c. Is o a composite number?
False
Suppose 2*q + o - 14638 = 0, -2*q + 4*q - 3*o - 14630 = 0. Is q composite?
True
Suppose 25*d = 46911 + 96514. Is d a composite number?
False
Suppose 0 = -17*z + 83254 + 100329. Is z composite?
False
Let u(x) = -23*x. Let i be u(-1). Let z = i - -13. Let l = 179 - z. Is l a composite number?
True
Is ((-710)/(-3))/((-14)/(-21)) a composite number?
True
Suppose -3*f + f - 3*v + 23 = 0, -2*v + 11 = f. Suppose 20*z = f*z + 13433. Is z composite?
True
Let y = 3051 - 442. Is y composite?
False
Let c = -168 - -1967. Is c composite?
True
Suppose -12*v = 3431 - 38195. Is v prime?
True
Suppose -50882 = -8*u + 39062. Is u a composite number?
False
Suppose 363 - 1576 = -a - 5*r, 2406 = 2*a + 5*r. Is a a composite number?
False
Is 0 + -4 - (-5852 + 1) composite?
True
Let f = 61 - 27. Suppose 0 = m - f + 3. Is m prime?
True
Let u(z) = -2*z**2 - 7*z - 3. Let o be u(-6). Let f = o + 36. Suppose 4*c = f*h - 899, -4*c - 62 = -h + 235. Is h a composite number?
True
Suppose 3*t + 0*t + 6 = 0. Let u = t - -8. Is u/15 + (-573)/(-5) a composite number?
True
Let z be (-84)/(-30) + (-1)/(-5). Suppose 4*u = -5*r + 21, 3*r - u + 13 = z*u. Let c(i) = 220*i**3 + i**2 - 2*i + 2. Is c(r) a prime number?
False
Suppose 0 = -3*k + q + 60, 0 = -2*k - q + 43 + 2. Let n = k - 16. Let j(r) = 16*r**2 - r + 2. Is j(n) composite?
False
Let j be -4 + -1 + -11 + -2. Let h = 27 + j. Suppose -3*u = 3*x - 54, 2*u + 0 + h = x. Is x composite?
True
Suppose 95*u = 84*u + 14971. Is u composite?
False
Let r(v) = 23*v**2 + 91*v - 3. Is r(20) composite?
True
Let t = -11 - -26. Let j(u) = -u**2 + 14*u + 21. Let c be j(t). Is (4 + -27)/((-2)/c) composite?
True
Let g be 0 + (203/14)/((-1)/(-6)). Suppose 2124 = 3*b + g. Is b a prime number?
False
Let a(s) = -s**2 + 11*s - 13. Let w be a(6). Let y = 102 + w. Is y prime?
False
Let y be (-1 - 2)*(-4880)/30. Let x = 959 - y. Is x prime?
False
Let f = 9059 - -57518. Is f a prime number?
F